{"id":182,"date":"2023-12-28T17:50:01","date_gmt":"2023-12-28T16:50:01","guid":{"rendered":"https:\/\/jakleen.fr\/?page_id=182"},"modified":"2025-12-02T16:02:47","modified_gmt":"2025-12-02T15:02:47","slug":"le-mot-de-lartiste","status":"publish","type":"page","link":"https:\/\/jakleen.fr\/","title":{"rendered":"Le mot de l&rsquo;artiste"},"content":{"rendered":"\n<div class=\"wp-block-columns is-layout-flex wp-container-core-columns-is-layout-28f84493 wp-block-columns-is-layout-flex\">\n<div class=\"wp-block-column is-layout-flow wp-block-column-is-layout-flow\" style=\"flex-basis:40%\">\n<figure class=\"wp-block-image size-large\"><img loading=\"lazy\" decoding=\"async\" width=\"941\" height=\"1024\" src=\"https:\/\/jakleen.fr\/wp-content\/uploads\/2023\/12\/pour-la-page-daccueil-941x1024.jpg\" alt=\"\" class=\"wp-image-2209\" srcset=\"https:\/\/jakleen.fr\/wp-content\/uploads\/2023\/12\/pour-la-page-daccueil-941x1024.jpg 941w, https:\/\/jakleen.fr\/wp-content\/uploads\/2023\/12\/pour-la-page-daccueil-276x300.jpg 276w, https:\/\/jakleen.fr\/wp-content\/uploads\/2023\/12\/pour-la-page-daccueil-768x836.jpg 768w, https:\/\/jakleen.fr\/wp-content\/uploads\/2023\/12\/pour-la-page-daccueil-1411x1536.jpg 1411w, https:\/\/jakleen.fr\/wp-content\/uploads\/2023\/12\/pour-la-page-daccueil-1882x2048.jpg 1882w\" sizes=\"auto, (max-width: 941px) 100vw, 941px\" \/><\/figure>\n<\/div>\n\n\n\n<div class=\"wp-block-column is-vertically-aligned-center is-layout-flow wp-block-column-is-layout-flow\" style=\"flex-basis:45%\">\n<p class=\"has-text-align-center\" style=\"font-size:1.2rem\"><strong>Jacqueline Bernet est n\u00e9e au Maroc o\u00f9 elle a pass\u00e9 sa jeunesse. Elle a d\u00e9couvert le dessin et la peinture encore enfant. Depuis plus de vingt ans, elle \u00e9volue dans un univers po\u00e9tique o\u00f9 ses recueils de po\u00e8mes c\u00f4toient son style pictural na\u00eff. Elle a expos\u00e9 dans la grande r\u00e9gion lyonnaise et en Touraine o\u00f9 elle a \u00e9t\u00e9 invit\u00e9e d\u2019honneur. Elle est membre titulaire de l\u2019Acad\u00e9mie de M\u00e2con qui propose \u00e0 la vente ses romans et ses po\u00e9sies. Son optimisme naturel lui inspire des th\u00e8mes festifs et parfois charg\u00e9s d\u2019un humour tendre.<\/strong><\/p>\n<\/div>\n<\/div>\n","protected":false},"excerpt":{"rendered":"<p>Jacqueline Bernet est n\u00e9e au Maroc o\u00f9 elle a pass\u00e9 sa jeunesse. Elle a d\u00e9couvert le dessin et la peinture encore enfant. Depuis plus de vingt ans, elle \u00e9volue dans un univers po\u00e9tique o\u00f9 ses recueils de po\u00e8mes c\u00f4toient son style pictural na\u00eff. Elle a expos\u00e9 dans la grande r\u00e9gion lyonnaise et en Touraine o\u00f9 [&hellip;]<\/p>\n","protected":false},"author":1,"featured_media":0,"parent":0,"menu_order":0,"comment_status":"closed","ping_status":"closed","template":"index-2","meta":{"footnotes":""},"class_list":["post-182","page","type-page","status-publish","hentry"],"_links":{"self":[{"href":"https:\/\/jakleen.fr\/index.php\/wp-json\/wp\/v2\/pages\/182","targetHints":{"allow":["GET"]}}],"collection":[{"href":"https:\/\/jakleen.fr\/index.php\/wp-json\/wp\/v2\/pages"}],"about":[{"href":"https:\/\/jakleen.fr\/index.php\/wp-json\/wp\/v2\/types\/page"}],"author":[{"embeddable":true,"href":"https:\/\/jakleen.fr\/index.php\/wp-json\/wp\/v2\/users\/1"}],"replies":[{"embeddable":true,"href":"https:\/\/jakleen.fr\/index.php\/wp-json\/wp\/v2\/comments?post=182"}],"version-history":[{"count":5,"href":"https:\/\/jakleen.fr\/index.php\/wp-json\/wp\/v2\/pages\/182\/revisions"}],"predecessor-version":[{"id":2244,"href":"https:\/\/jakleen.fr\/index.php\/wp-json\/wp\/v2\/pages\/182\/revisions\/2244"}],"wp:attachment":[{"href":"https:\/\/jakleen.fr\/index.php\/wp-json\/wp\/v2\/media?parent=182"}],"curies":[{"name":"wp","href":"https:\/\/api.w.org\/{rel}","templated":true}]}}